{"id":2,"date":"2022-05-31T19:13:02","date_gmt":"2022-05-31T19:13:02","guid":{"rendered":"http:\/\/schweizer.jetzt\/?page_id=2"},"modified":"2023-08-22T19:36:25","modified_gmt":"2023-08-22T19:36:25","slug":"sample-page","status":"publish","type":"page","link":"https:\/\/schweizer.jetzt\/","title":{"rendered":"Home Page"},"content":{"rendered":"\n<blockquote class=\"wp-block-quote is-layout-flow wp-block-quote-is-layout-flow\">\n<p>Die heutigen Schweizer sind eine vielf\u00e4ltige Mischung aus verschiedenen Nationalit\u00e4ten, Ethnien und Kulturen. Das Land hat eine offene und multikulturelle Gesellschaft, in der Menschen unterschiedlicher Herkunft und Religion zusammenleben. Die meisten Schweizer sprechen mehrere Sprachen, darunter Deutsch, Franz\u00f6sisch, Italienisch und R\u00e4toromanisch. Die Schweizer sind bekannt f\u00fcr ihre p\u00fcnktlichen, effizienten und pr\u00e4zisen Arbeitsweisen sowie f\u00fcr ihre Liebe zur Natur und ihren Outdoor-Aktivit\u00e4ten. Sie haben eine hohe Lebensqualit\u00e4t und genie\u00dfen eine starke Wirtschaft sowie ein gut entwickeltes Bildungs- und Gesundheitssystem. Die Schweizer sind stolz auf ihre Kultur und Traditionen, insbesondere auf ihre Alpenregionen, ihr Essen und ihre Handwerkskunst wie Uhrenherstellung und Schokoladenherstellung.<\/p>\n<\/blockquote>\n\n\n\n<figure class=\"wp-block-image size-large\"><img loading=\"lazy\" decoding=\"async\" width=\"1024\" height=\"682\" src=\"http:\/\/schweizer.jetzt\/wp-content\/uploads\/2023\/08\/services-bg-1024x682.jpg\" alt=\"\" class=\"wp-image-12\" srcset=\"https:\/\/schweizer.jetzt\/wp-content\/uploads\/2023\/08\/services-bg-1024x682.jpg 1024w, https:\/\/schweizer.jetzt\/wp-content\/uploads\/2023\/08\/services-bg-300x200.jpg 300w, https:\/\/schweizer.jetzt\/wp-content\/uploads\/2023\/08\/services-bg-768x512.jpg 768w, https:\/\/schweizer.jetzt\/wp-content\/uploads\/2023\/08\/services-bg-1536x1023.jpg 1536w, https:\/\/schweizer.jetzt\/wp-content\/uploads\/2023\/08\/services-bg.jpg 1920w\" sizes=\"auto, (max-width: 1024px) 100vw, 1024px\" \/><\/figure>\n\n\n\n<div style=\"height:100px\" aria-hidden=\"true\" class=\"wp-block-spacer\"><\/div>\n\n\n\n<figure class=\"wp-block-image size-large is-resized\"><img loading=\"lazy\" decoding=\"async\" src=\"http:\/\/schweizer.jetzt\/wp-content\/uploads\/2023\/08\/sergei-a-heLWtuAN3c-unsplash-1024x576.jpg\" alt=\"\" class=\"wp-image-31\" style=\"width:556px;height:313px\" width=\"556\" height=\"313\" srcset=\"https:\/\/schweizer.jetzt\/wp-content\/uploads\/2023\/08\/sergei-a-heLWtuAN3c-unsplash-1024x576.jpg 1024w, https:\/\/schweizer.jetzt\/wp-content\/uploads\/2023\/08\/sergei-a-heLWtuAN3c-unsplash-300x169.jpg 300w, https:\/\/schweizer.jetzt\/wp-content\/uploads\/2023\/08\/sergei-a-heLWtuAN3c-unsplash-768x432.jpg 768w, https:\/\/schweizer.jetzt\/wp-content\/uploads\/2023\/08\/sergei-a-heLWtuAN3c-unsplash-1536x864.jpg 1536w, https:\/\/schweizer.jetzt\/wp-content\/uploads\/2023\/08\/sergei-a-heLWtuAN3c-unsplash-2048x1152.jpg 2048w\" sizes=\"auto, (max-width: 556px) 100vw, 556px\" \/><\/figure>\n","protected":false},"excerpt":{"rendered":"<p>Die heutigen Schweizer sind eine vielf\u00e4ltige Mischung aus verschiedenen Nationalit\u00e4ten, Ethnien und Kulturen. Das Land hat eine offene und multikulturelle Gesellschaft, in der Menschen unterschiedlicher Herkunft und Religion zusammenleben. Die meisten Schweizer sprechen mehrere Sprachen, darunter Deutsch, Franz\u00f6sisch, Italienisch und R\u00e4toromanisch. Die Schweizer sind bekannt f\u00fcr ihre p\u00fcnktlichen, effizienten und pr\u00e4zisen Arbeitsweisen sowie f\u00fcr ihre [&hellip;]<\/p>\n","protected":false},"author":1,"featured_media":42,"parent":0,"menu_order":0,"comment_status":"closed","ping_status":"open","template":"","meta":{"om_disable_all_campaigns":false,"_uag_custom_page_level_css":"","_monsterinsights_skip_tracking":false,"_monsterinsights_sitenote_active":false,"_monsterinsights_sitenote_note":"","_monsterinsights_sitenote_category":0,"footnotes":""},"class_list":["post-2","page","type-page","status-publish","has-post-thumbnail","hentry"],"aioseo_notices":[],"uagb_featured_image_src":{"full":["https:\/\/schweizer.jetzt\/wp-content\/uploads\/2023\/08\/up-L58uR5PUssU.jpg",1080,1620,false],"thumbnail":["https:\/\/schweizer.jetzt\/wp-content\/uploads\/2023\/08\/up-L58uR5PUssU-150x150.jpg",150,150,true],"medium":["https:\/\/schweizer.jetzt\/wp-content\/uploads\/2023\/08\/up-L58uR5PUssU-200x300.jpg",200,300,true],"medium_large":["https:\/\/schweizer.jetzt\/wp-content\/uploads\/2023\/08\/up-L58uR5PUssU-768x1152.jpg",768,1152,true],"large":["https:\/\/schweizer.jetzt\/wp-content\/uploads\/2023\/08\/up-L58uR5PUssU-683x1024.jpg",683,1024,true],"1536x1536":["https:\/\/schweizer.jetzt\/wp-content\/uploads\/2023\/08\/up-L58uR5PUssU-1024x1536.jpg",1024,1536,true],"2048x2048":["https:\/\/schweizer.jetzt\/wp-content\/uploads\/2023\/08\/up-L58uR5PUssU.jpg",1080,1620,false]},"uagb_author_info":{"display_name":"heldner","author_link":"https:\/\/schweizer.jetzt\/index.php\/author\/heldner\/"},"uagb_comment_info":0,"uagb_excerpt":"Die heutigen Schweizer sind eine vielf\u00e4ltige Mischung aus verschiedenen Nationalit\u00e4ten, Ethnien und Kulturen. Das Land hat eine offene und multikulturelle Gesellschaft, in der Menschen unterschiedlicher Herkunft und Religion zusammenleben. Die meisten Schweizer sprechen mehrere Sprachen, darunter Deutsch, Franz\u00f6sisch, Italienisch und R\u00e4toromanisch. Die Schweizer sind bekannt f\u00fcr ihre p\u00fcnktlichen, effizienten und pr\u00e4zisen Arbeitsweisen sowie f\u00fcr ihre&hellip;","_links":{"self":[{"href":"https:\/\/schweizer.jetzt\/index.php\/wp-json\/wp\/v2\/pages\/2","targetHints":{"allow":["GET"]}}],"collection":[{"href":"https:\/\/schweizer.jetzt\/index.php\/wp-json\/wp\/v2\/pages"}],"about":[{"href":"https:\/\/schweizer.jetzt\/index.php\/wp-json\/wp\/v2\/types\/page"}],"author":[{"embeddable":true,"href":"https:\/\/schweizer.jetzt\/index.php\/wp-json\/wp\/v2\/users\/1"}],"replies":[{"embeddable":true,"href":"https:\/\/schweizer.jetzt\/index.php\/wp-json\/wp\/v2\/comments?post=2"}],"version-history":[{"count":11,"href":"https:\/\/schweizer.jetzt\/index.php\/wp-json\/wp\/v2\/pages\/2\/revisions"}],"predecessor-version":[{"id":145,"href":"https:\/\/schweizer.jetzt\/index.php\/wp-json\/wp\/v2\/pages\/2\/revisions\/145"}],"wp:featuredmedia":[{"embeddable":true,"href":"https:\/\/schweizer.jetzt\/index.php\/wp-json\/wp\/v2\/media\/42"}],"wp:attachment":[{"href":"https:\/\/schweizer.jetzt\/index.php\/wp-json\/wp\/v2\/media?parent=2"}],"curies":[{"name":"wp","href":"https:\/\/api.w.org\/{rel}","templated":true}]}}